et p(g) = 638*g**2 - 8*g + 195. What is p(0)?
195
Let r(p) = -3*p**2 + 203*p - 3224. What is r(41)?
56
Let f(z) = 64512*z - 258050. Determine f(4).
-2
Let n(c) = -9*c**3 + 5003*c**2 + 558*c - 722. Calculate n(556).
390
Let q(v) = 232027*v + 2552307. Calculate q(-11).
10
Let k(f) = -16*f**2 + 92*f - 88. Give k(12).
-1288
Let x(o) = 1045*o**2 - 18728*o + 24. What is x(18)?
1500
Let u(f) = -399972*f + 2399830. What is u(6)?
-2
Let v(j) = -j**3 + 37*j**2 - 314*j - 459. What is v(21)?
3
Let p(z) = 112*z**3 - 47*z**2 - 46*z + 2. Determine p(-1).
-111
Let b(a) = -14*a**2 + 1014*a + 3093. Give b(-3).
-75
Let h(g) = -270*g + 74489. Give h(277).
-301
Let r(j) = -j**3 - 6*j**2 - 243*j - 1459. Determine r(-6).
-1
Let h(x) = -3172*x - 1221229. Determine h(-385).
-9
Let t(d) = -5365*d - 5445485. Determine t(-1015).
-10
Let b(f) = 8956*f + 564219. Determine b(-63).
-9
Let c(y) = 353*y**2 + 7592*y - 3832. Determine c(-22).
-4
Let z(j) = -3068*j - 380988. What is z(-124)?
-556
Let k(g) = 1569*g - 20418. Determine k(13).
-21
Let i(z) = 8*z**2 + 2146*z - 52967. What is i(-291)?
-5
Let n(o) = 740*o + 21458. Give n(-29).
-2
Let t(c) = -c**3 - 11*c**2 - 368*c - 3399. What is t(-9)?
-249
Let j(d) = 2*d**3 - 39*d**2 + 67*d - 987. What is j(19)?
-75
Let d(x) = -1192*x - 220515. Determine d(-185).
5
Let m(p) = 212*p**3 + 7*p**2 - 13*p - 5. Determine m(-1).
-197
Let w(r) = 14*r**2 + 942*r - 15. Determine w(0).
-15
Let i(f) = 1516*f**2 + 425996*f - 27. Give i(-281).
-27
Let k(i) = 19*i**3 + 38*i**2 - 65*i - 10. Calculate k(2).
164
Let i(d) = 5*d**3 + 42*d**2 - 336*d + 796. Calculate i(-14).
12
Let t(m) = 2*m**3 - 43*m**2 - 563*m + 11890. Determine t(22).
-12
Let q(w) = -12655*w - 5745377. Calculate q(-454).
-7
Let s(x) = -x**2 - 4225*x - 29587. Determine s(-7).
-61
Let p(i) = 60*i**2 + 224*i - 36. What is p(-4)?
28
Let v(r) = -11*r**2 + 429*r + 889. Give v(44).
-1531
Let x(m) = 17117*m - 924334. What is x(54)?
-16
Let v(k) = -k**2 + 84*k - 1780. Give v(28).
-212
Let u(r) = r**2 - 797*r - 126919. Calculate u(-136).
-31
Let y(q) = -q**2 - 2083*q - 101653. Give y(-50).
-3
Let j(v) = 232381*v + 464744. Determine j(-2).
-18
Let j(c) = 210153*c + 7145211. Determine j(-34).
9
Let f(u) = 154856*u - 929142. Calculate f(6).
-6
Let o(z) = -617065*z + 2468296. What is o(4)?
36
Let o(a) = a**3 - 81*a**2 + 760*a + 209. Calculate o(70).
-491
Let r(z) = -2*z**2 - 27*z + 5208. Determine r(-61).
-587
Let r(d) = d**3 + 258*d**2 + 15152*d - 4091. Determine r(-91).
4
Let x(p) = -p**3 - 5*p**2 + 1368*p + 5489. Calculate x(-4).
1
Let q(y) = -1691*y**3 + 16*y**2 - 24*y + 15. Determine q(1).
-1684
Let t(j) = 96449*j + 2314801. What is t(-24)?
25
Let j(b) = -10*b**2 - 555*b - 2519. What is j(-5)?
6
Let a(d) = -4*d**2 - 190*d - 1952. Calculate a(-26).
284
Let o(c) = 8*c**3 + 18*c**2 - 137*c - 1182. Give o(-8).
-3030
Let g(j) = 6*j**2 - 5105*j + 244795. What is g(51)?
46
Let j(s) = 60864*s - 243500. What is j(4)?
-44
Let d(b) = 38*b - 8849. What is d(164)?
-2617
Let f(h) = 29*h**2 - 2040*h + 9480. Determine f(5).
5
Let q(d) = 125*d**2 - 43508*d + 3115. Give q(348).
331
Let z(m) = m**3 + 35*m**2 - 441*m + 24. Determine z(11).
739
Let c(a) = a**2 + 302*a - 4492. Calculate c(14).
-68
Let h(l) = l**3 - 120*l**2 - 6819*l + 2451. Calculate h(162).
21
Let l(o) = -29928*o - 1855539. Calculate l(-62).
-3
Let b(x) = -x**2 + 457*x - 458. Determine b(456).
-2
Let l(f) = -54*f**2 - 212*f + 527. What is l(2)?
-113
Let t(i) = 21*i**2 + 7336*i + 225174. Determine t(-34).
26
Let v(d) = -d**3 + 27*d**2 + 1376*d + 6. Determine v(53).
-100
Let j(m) = -m**2 - 4354*m - 95827. Give j(-22).
-523
Let a(q) = -211*q**2 - 273*q + 261. Give a(-2).
-37
Let l(w) = -10374*w + 114139. Calculate l(11).
25
Let n(g) = -427*g**2 + 35444*g + 41. Give n(83).
290
Let v(x) = 3035*x + 209447. Calculate v(-69).
32
Let l(n) = -12*n**2 - 733*n + 682. Give l(-62).
0
Let l(q) = -2*q**3 + 111*q**2 - 185*q + 13502. Calculate l(56).
6
Let o(i) = -2*i**3 + 991*i**2 - 3944*i + 22. Determine o(4).
-26
Let s(n) = -453*n**2 + 24*n + 28. Give s(-3).
-4121
Let d(o) = -o**3 - 207*o**2 + 7374*o - 802. Give d(-238).
150
Let k(z) = -23*z**2 + 88*z - 207. Calculate k(7).
-718
Let w(y) = 163*y**3 + 8639*y**2 - 20*y - 1070. Calculate w(-53).
-10
Let b(g) = -g**2 + 174*g - 6833. What is b(120)?
-353
Let p(l) = -258*l + 72948. Give p(283).
-66
Let d(u) = 1576*u + 66145. Give d(-42).
-47
Let m(u) = -u**3 + 169*u**2 - 166*u - 416. Give m(168).
-80
Let k(y) = -55*y**3 + 564*y**2 - 134*y - 127. Determine k(10).
-67
Let c(m) = -1006*m + 50267. Give c(50).
-33
Let c(f) = -4*f**3 - 10*f**2 - 88*f - 180. Give c(-4).
268
Let r(f) = -2930621*f + 17583718. Give r(6).
-8
Let b(o) = -o**3 + 36*o**2 + 122*o - 5490. Calculate b(35).
5
Let y(r) = r**3 + 41*r**2 - 151*r - 2805. Calculate y(-43).
-10
Let h(p) = -8*p**3 + 398*p**2 + 99*p - 9. What is h(50)?
-59
Let f(d) = -d**2 + 4277*d - 725694. Calculate f(177).
6
Let z(c) = -4*c**3 - 304*c**2 - 3633*c + 1657. Give z(-61).
10
Let v(n) = -n**2 - 31726*n - 158616. Calculate v(-5).
-11
Let g(i) = i**2 - 2420*i + 785127. Give g(386).
3
Let s(l) = -l**3 + 15*l**2 + 21*l - 76. What is s(5)?
279
Let l(n) = -n**3 + 4*n**2 - 31*n + 1098. Calculate l(11).
-90
Let b(v) = 12908*v - 542140. Determine b(42).
-4
Let d(r) = 1794*r + 14371. Determine d(-8).
19
Let l(v) = -5832*v + 57443. Give l(10).
-877
Let q(f) = f**2 + 225*f + 10711. Give q(-148).
-685
Let p(h) = -6*h**2 - 732*h + 14184. Give p(-139).
6
Let g(y) = -7349*y - 58670. Determine g(-8).
122
Let d(z) = -2*z**3 + 207*z**2 - 2779*z - 8003. Calculate d(87).
1
Let z(f) = -5*f**2 + 876*f + 9098. Calculate z(185).
33
Let w(m) = -5398*m + 232323. Calculate w(43).
209
Let w(t) = -2*t**3 - 635*t**2 + 324*t + 1875. What is w(-318)?
-33
Let j(k) = k**2 - 743*k + 5973. Give j(8).
93
Let w(h) = -7006*h - 42027. Determine w(-6).
9
Let s(x) = -x**3 + 40*x**2 - 415*x + 2206. Give s(28).
-6
Let y(v) = 110*v - 18788. Calculate y(176).
572
Let x(v) = 2370*v - 744191. What is x(314)?
-11
Let p(u) = -u**3 + 51*u**2 - 79*u + 64283. Determine p(65).
-2
Let f(o) = 236809*o - 4025763. Calculate f(17).
-10
Let m(w) = w**3 - 13*w**2 + 802*w - 10438. Give m(13).
-12
Let v(x) = -3918*x + 105811. Give v(27).
25
Let z(b) = b**3 + 186*b**2 + 1077*b - 303. Give z(-180).
237
Let q(w) = 124*w**2 + 404*w + 43. Calculate q(-3).
-53
Let t(b) = 1539*b - 33987. Calculate t(21).
-1668
Let l(u) = 1138*u + 3178. Calculate l(-2).
902
Let r(y) = -16*y**2 + 14*y - 82. Calculate r(-12).
-2554
Let a(f) = 3319*f + 723112. Determine a(-218).
-430
Let r(a) = -2536*a + 73529. Determine r(29).
-15
Let k(m) = -188*m**3 - 11275*m**2 + 297*m - 153. Give k(-60).
27
Let o(q) = q**2 + 481*q - 16533. Determine o(32).
-117
Let w(l) = l**2 + 133*l + 4188. Give w(-83).
38
Let g(m) = m**3 + 28*m**2 + 437*m + 2221. Give g(-8).
5
Let p(l) = 10*l**2 - 857*l + 624. Determine p(85).
29
Let y(j) = 4201*j + 1936685. Determine y(-461).
24
Let p(i) = -5*i**2 - 238*i - 445. Calculate p(-20).
2315
Let t(u) = -18*u**3 - 3372*u**2 + 5675*u + 945. Determine t(-189).
0
Let n(p) = p**2 + 30*p - 809. Give n(26).
647
Let i(r) = -4353*r + 50438. Give i(12).
-1798
Let z(o) = -5784*o + 127447. What is z(22)?
199
Let g(h) = -135*h**2 - 2297*h - 44. What is g(-17)?
-10
Let z(o) = 376*o + 40969. Give z(-108).
361
Let f(y) = -6*y**3 - 602*y**2 + 417*y + 1340. Give f(-101).
27
Let r(o) = -3*o**2 + 11*o + 111. Give r(-5).
-19
Let r(i) = 3*i**3 - 188*i**2 + 296*i + 169. Give r(61).
-380
Let h(w) = -984*w - 43315. Calculate h(-48).
3917
Let i(w) = 2449*w + 6259. What is i(-3)?
-1088
Let h(c) = 19*c**2 + 3608*c + 6638. Give h(-188).
-130
Let t(i) = 12*i**2 - 4538*i - 13614. Give t(-3).
108
Let m(a) = -155*a**3 - 1704*a**2 + a - 110. Give m(-11).
0
Let m(y) = 2*y**3 + 21*y**2 - 499*y - 5352. Calculate m(-11).
16
Let c(q) = 13*q**3 - 11*q**2 - 651*q + 3321. Determine c(5).
1416
Let h(i) = -i**2 + 356*i - 21023. Determine h(74).
-155
Let m(g) = 6987*g - 42123. What is m(6)?
-201
Let m(l) = -5*l**2 - 471*l + 224443. Calculate m(170).
-127
Let q(x) = 29*x**2 + 35*x - 187. What is q(4)?
417
Let s(k) = -k**3 + 3105*k**2 - 18610*k + 47. Determine s(6).
-49
Let f(k) = -3*k**3 + 96*k**2 - 766*k - 19. Calculate f(18).
-199
Let c(v) = -5*v**2 + 283*v - 3951. Give c(33).
-57
Let s(v)